{"id":64,"date":"2010-05-13T23:55:55","date_gmt":"2010-05-13T21:55:55","guid":{"rendered":"http:\/\/www.moharen.se\/?page_id=64"},"modified":"2010-05-14T00:00:22","modified_gmt":"2010-05-13T22:00:22","slug":"j-prov-1a-091112","status":"publish","type":"page","link":"https:\/\/www.moharen.se\/?page_id=64","title":{"rendered":"J-prov 1:a 091112"},"content":{"rendered":"<p>F\u00f6rsta provstart f\u00f6r Birka. Mycket n\u00f6jd med hennes prestation.<\/p>\n<p><a href=\"http:\/\/www.moharen.se\/wp-content\/uploads\/2010\/05\/jprov11.jpg\"><img decoding=\"async\" loading=\"lazy\" class=\"alignleft size-full wp-image-69\" title=\"jprov1\" src=\"http:\/\/www.moharen.se\/wp-content\/uploads\/2010\/05\/jprov11.jpg\" alt=\"\" width=\"600\" height=\"365\" srcset=\"https:\/\/www.moharen.se\/wp-content\/uploads\/2010\/05\/jprov11.jpg 600w, https:\/\/www.moharen.se\/wp-content\/uploads\/2010\/05\/jprov11-300x182.jpg 300w\" sizes=\"(max-width: 600px) 100vw, 600px\" \/><\/a><\/p>\n","protected":false},"excerpt":{"rendered":"<p>F\u00f6rsta provstart f\u00f6r Birka. Mycket n\u00f6jd med hennes prestation.<\/p>\n","protected":false},"author":2,"featured_media":0,"parent":13,"menu_order":1,"comment_status":"open","ping_status":"open","template":"","meta":{"_mi_skip_tracking":false,"ngg_post_thumbnail":0},"_links":{"self":[{"href":"https:\/\/www.moharen.se\/index.php?rest_route=\/wp\/v2\/pages\/64"}],"collection":[{"href":"https:\/\/www.moharen.se\/index.php?rest_route=\/wp\/v2\/pages"}],"about":[{"href":"https:\/\/www.moharen.se\/index.php?rest_route=\/wp\/v2\/types\/page"}],"author":[{"embeddable":true,"href":"https:\/\/www.moharen.se\/index.php?rest_route=\/wp\/v2\/users\/2"}],"replies":[{"embeddable":true,"href":"https:\/\/www.moharen.se\/index.php?rest_route=%2Fwp%2Fv2%2Fcomments&post=64"}],"version-history":[{"count":4,"href":"https:\/\/www.moharen.se\/index.php?rest_route=\/wp\/v2\/pages\/64\/revisions"}],"predecessor-version":[{"id":67,"href":"https:\/\/www.moharen.se\/index.php?rest_route=\/wp\/v2\/pages\/64\/revisions\/67"}],"up":[{"embeddable":true,"href":"https:\/\/www.moharen.se\/index.php?rest_route=\/wp\/v2\/pages\/13"}],"wp:attachment":[{"href":"https:\/\/www.moharen.se\/index.php?rest_route=%2Fwp%2Fv2%2Fmedia&parent=64"}],"curies":[{"name":"wp","href":"https:\/\/api.w.org\/{rel}","templated":true}]}}