{"id":76,"date":"2010-05-14T11:31:22","date_gmt":"2010-05-14T09:31:22","guid":{"rendered":"http:\/\/www.moharen.se\/?page_id=76"},"modified":"2010-05-14T11:31:22","modified_gmt":"2010-05-14T09:31:22","slug":"j-prov-1a-100125","status":"publish","type":"page","link":"http:\/\/www.moharen.se\/?page_id=76","title":{"rendered":"J-prov 1:a 100125"},"content":{"rendered":"<p>Tredje jaktprovet med Birka gick bra och resultatet blev ett 1:a pris. Det var n\u00e4ra att provet hade blivit inst\u00e4llt eftersom sn\u00f6djupet var p\u00e5 gr\u00e4nsen. Kanske var det ocks\u00e5 det som gjorde att hon hade lite sv\u00e5rt att f\u00e5 stopp p\u00e5 \u00e4lgarna men till slut s\u00e5 lyckades det.<\/p>\n<p>F\u00f6rsta upptaget blev p\u00e5 en \u00e4lg som var st\u00f6tt av folk som var ute och kontrollerade en ledning. Sken i cirka tre kilometer och vi m\u00f6ter Birka d\u00e5 hon \u00e4r p\u00e5 v\u00e4gs att runda en st\u00f6rre \u00e5. Jag tror inte hon hade gett upp den men jaktprovsm\u00e4ssigt s\u00e5 var det ju b\u00e4st att bryta och prova p\u00e5 ny \u00e4lg.<\/p>\n<p>Upptag nummer tv\u00e5 g\u00e5r undan i cirka tv\u00e5 kilometer innan Birka f\u00e5r stopp. Hittar henne i fast st\u00e5nd och sedan flyter det p\u00e5 bra. Lyckas inte kalla in henne p\u00e5 f\u00f6rsta f\u00f6rs\u00f6ket men senare under provet g\u00f6r jag tv\u00e5 lyckade inkallningar.<\/p>\n<p>Tyv\u00e4rr s\u00e5 fanns inga m\u00f6jligheter att g\u00e5 det fj\u00e4rde provet som hon var anm\u00e4ld till . Sn\u00f6djupet satte stopp men till h\u00f6sten k\u00f6r vi igen och d\u00e5 hoppas jag f\u00e5 klart den tredje ettan och d\u00e4rmed ett SE JCH.<\/p>\n<p><a href=\"http:\/\/www.moharen.se\/wp-content\/uploads\/2010\/05\/jprov3.jpg\"><img decoding=\"async\" loading=\"lazy\" class=\"alignleft size-full wp-image-77\" title=\"jprov3\" src=\"http:\/\/www.moharen.se\/wp-content\/uploads\/2010\/05\/jprov3.jpg\" alt=\"\" width=\"600\" height=\"401\" srcset=\"http:\/\/www.moharen.se\/wp-content\/uploads\/2010\/05\/jprov3.jpg 600w, http:\/\/www.moharen.se\/wp-content\/uploads\/2010\/05\/jprov3-300x200.jpg 300w\" sizes=\"(max-width: 600px) 100vw, 600px\" \/><\/a><\/p>\n","protected":false},"excerpt":{"rendered":"<p>Tredje jaktprovet med Birka gick bra och resultatet blev ett 1:a pris. Det var n\u00e4ra att provet hade blivit inst\u00e4llt eftersom sn\u00f6djupet var p\u00e5 gr\u00e4nsen. Kanske var det ocks\u00e5 det som gjorde att hon hade lite sv\u00e5rt att f\u00e5 stopp p\u00e5 \u00e4lgarna men till slut s\u00e5 lyckades det. F\u00f6rsta upptaget blev p\u00e5 en \u00e4lg som [&hellip;]<\/p>\n","protected":false},"author":2,"featured_media":0,"parent":13,"menu_order":3,"comment_status":"open","ping_status":"open","template":"","meta":{"_mi_skip_tracking":false,"ngg_post_thumbnail":0},"_links":{"self":[{"href":"http:\/\/www.moharen.se\/index.php?rest_route=\/wp\/v2\/pages\/76"}],"collection":[{"href":"http:\/\/www.moharen.se\/index.php?rest_route=\/wp\/v2\/pages"}],"about":[{"href":"http:\/\/www.moharen.se\/index.php?rest_route=\/wp\/v2\/types\/page"}],"author":[{"embeddable":true,"href":"http:\/\/www.moharen.se\/index.php?rest_route=\/wp\/v2\/users\/2"}],"replies":[{"embeddable":true,"href":"http:\/\/www.moharen.se\/index.php?rest_route=%2Fwp%2Fv2%2Fcomments&post=76"}],"version-history":[{"count":3,"href":"http:\/\/www.moharen.se\/index.php?rest_route=\/wp\/v2\/pages\/76\/revisions"}],"predecessor-version":[{"id":80,"href":"http:\/\/www.moharen.se\/index.php?rest_route=\/wp\/v2\/pages\/76\/revisions\/80"}],"up":[{"embeddable":true,"href":"http:\/\/www.moharen.se\/index.php?rest_route=\/wp\/v2\/pages\/13"}],"wp:attachment":[{"href":"http:\/\/www.moharen.se\/index.php?rest_route=%2Fwp%2Fv2%2Fmedia&parent=76"}],"curies":[{"name":"wp","href":"https:\/\/api.w.org\/{rel}","templated":true}]}}