{"id":2,"date":"2010-05-13T08:32:10","date_gmt":"2010-05-13T08:32:10","guid":{"rendered":"http:\/\/88.206.167.55\/moharen\/?page_id=2"},"modified":"2020-06-21T09:03:24","modified_gmt":"2020-06-21T07:03:24","slug":"om","status":"publish","type":"page","link":"http:\/\/www.moharen.se\/?page_id=2","title":{"rendered":"Om"},"content":{"rendered":"<p>Moharens kennel startade 1995 med en kull Hamiltonvalpar. Ny kull 1997 men sedan var det lugnt med valpkullar under m\u00e5nga \u00e5r. Hundar, och d\u00e5 fr\u00e4mst st\u00f6vare, av varierande kvalit\u00e9 har det funnits hela tiden men inga som jag ansett tillr\u00e4ckligt bra f\u00f6r att g\u00e5 i avel.<\/p>\n<p><a href=\"http:\/\/www.moharen.se\/wp-content\/uploads\/2010\/05\/birka.jpg\"><img decoding=\"async\" loading=\"lazy\" class=\"size-full wp-image-100 alignright\" title=\"birka\" src=\"http:\/\/www.moharen.se\/wp-content\/uploads\/2010\/05\/birka.jpg\" alt=\"\" width=\"200\" height=\"155\" \/><\/a>2008 kom j\u00e4mthundstiken F\u00e4llestrands Birka in i bilden men tyv\u00e4rr blev det aldrig n\u00e5gra valpar efter henne. Men 2017 f\u00f6ddes en kull j\u00e4mthundsvalpar i kenneln och 2019 var det dags f\u00f6r n\u00e4sta kull.<\/p>\n<p>Avel \u00e4r v\u00e4ldigt sp\u00e4nnande och m\u00e5ls\u00e4ttningen \u00e4r att bidra med n\u00e5gon kull d\u00e5 och d\u00e5 med rastypiska j\u00e4mthundar som jagar \u00e4lg tillsammans med husse och matte.<\/p>\n<p>P\u00e5 denna sida \u00e4r du v\u00e4lkommen att l\u00e4sa om vad som h\u00e4nder kring hundarna och jakten samt ibland \u00e4ven annat som h\u00e4nder. H\u00f6r g\u00e4rna av dig om det \u00e4r n\u00e5got du undrar \u00f6ver.<\/p>\n<p><em>Ted<\/em><\/p>\n<p>Ted Karlsson<br \/>\nSlageryd \u00d6sterg\u00e5rd 33<br \/>\n574 75 KORSBERGA<br \/>\n070-633 73 47<br \/>\nted@tdf.se<\/p>\n","protected":false},"excerpt":{"rendered":"<p>Moharens kennel startade 1995 med en kull Hamiltonvalpar. Ny kull 1997 men sedan var det lugnt med valpkullar under m\u00e5nga \u00e5r. Hundar, och d\u00e5 fr\u00e4mst st\u00f6vare, av varierande kvalit\u00e9 har det funnits hela tiden men inga som jag ansett tillr\u00e4ckligt bra f\u00f6r att g\u00e5 i avel. 2008 kom j\u00e4mthundstiken F\u00e4llestrands Birka in i bilden men [&hellip;]<\/p>\n","protected":false},"author":1,"featured_media":0,"parent":0,"menu_order":0,"comment_status":"open","ping_status":"open","template":"","meta":{"_mi_skip_tracking":false,"ngg_post_thumbnail":0},"_links":{"self":[{"href":"http:\/\/www.moharen.se\/index.php?rest_route=\/wp\/v2\/pages\/2"}],"collection":[{"href":"http:\/\/www.moharen.se\/index.php?rest_route=\/wp\/v2\/pages"}],"about":[{"href":"http:\/\/www.moharen.se\/index.php?rest_route=\/wp\/v2\/types\/page"}],"author":[{"embeddable":true,"href":"http:\/\/www.moharen.se\/index.php?rest_route=\/wp\/v2\/users\/1"}],"replies":[{"embeddable":true,"href":"http:\/\/www.moharen.se\/index.php?rest_route=%2Fwp%2Fv2%2Fcomments&post=2"}],"version-history":[{"count":7,"href":"http:\/\/www.moharen.se\/index.php?rest_route=\/wp\/v2\/pages\/2\/revisions"}],"predecessor-version":[{"id":2393,"href":"http:\/\/www.moharen.se\/index.php?rest_route=\/wp\/v2\/pages\/2\/revisions\/2393"}],"wp:attachment":[{"href":"http:\/\/www.moharen.se\/index.php?rest_route=%2Fwp%2Fv2%2Fmedia&parent=2"}],"curies":[{"name":"wp","href":"https:\/\/api.w.org\/{rel}","templated":true}]}}